Let d(k) = 308*k + 8718. Calculate d(-28).
94
Let s(y) = -y**3 - 82*y**2 - 57*y + 1914. Give s(-81).
-30
Let w(u) = 745381*u + 5963035. What is w(-8)?
-13
Let i(a) = 320*a - 5693. What is i(19)?
387
Let x(q) = 2*q**3 - 47*q**2 + 54*q - 695. Give x(23).
18
Let m(n) = -275*n - 3090. Give m(-12).
210
Let k(b) = 1177*b + 6018. Calculate k(-5).
133
Let l(b) = -59*b**2 + 3780*b - 286. Give l(64).
-30
Let p(g) = 100*g + 221. What is p(2)?
421
Let t(z) = 4*z**2 - 368*z + 1. What is t(92)?
1
Let z(j) = 3*j**2 - 291*j + 9468. Determine z(53).
2472
Let r(s) = -6*s**3 - 85*s**2 + 4768*s + 87. Calculate r(22).
-45
Let x(g) = -g**3 + 75*g**2 - 804*g + 41. Calculate x(13).
67
Let r(w) = w**3 - 255*w**2 + 2671*w + 3178. Calculate r(244).
6
Let s(z) = 12748*z - 1019853. Determine s(80).
-13
Let w(p) = p**3 - 28*p**2 + 191*p + 10. Calculate w(15).
-50
Let t(j) = -34*j**2 - 49*j - 16. What is t(-2)?
-54
Let w(j) = 140*j - 2302. Calculate w(18).
218
Let s(v) = -162*v**3 + 9*v**2 - 3*v - 3. Give s(1).
-159
Let s(b) = -b**2 - 2679*b + 161544. Determine s(59).
2
Let g(i) = 2*i**3 - 197*i**2 - 106*i + 607. Give g(99).
-86
Let m(q) = 59*q**2 + 1405*q + 199. What is m(-23)?
-905
Let z(m) = 395*m + 5846. Determine z(-15).
-79
Let m(q) = q**3 - 38*q**2 - 2560*q + 60. Give m(73).
-305
Let c(h) = 2*h**3 + 219*h**2 + 329*h + 633. What is c(-108)?
93
Let w(x) = 70*x**2 - 12602*x + 330. Calculate w(180).
-30
Let l(x) = 7260*x - 653382. Determine l(90).
18
Let j(k) = k**3 + 6*k**2 + 756*k + 7122. Calculate j(-9).
75
Let u(w) = -11*w + 625. Give u(62).
-57
Let o(y) = -42940*y - 386476. What is o(-9)?
-16
Let u(z) = -3756*z - 15177. Calculate u(-4).
-153
Let s(g) = -g**3 - 299*g**2 - 4873*g - 1457083. Give s(-299).
-56
Let v(w) = -52156*w + 782346. Determine v(15).
6
Let s(h) = 504*h**2 - 496*h + 129. Determine s(1).
137
Let r(z) = -2*z**3 - 34*z**2 + 10*z + 105. Give r(-17).
-65
Let a(r) = r**3 - 106*r**2 + 109*r - 344. Determine a(105).
76
Let s(j) = j**2 - 259*j - 8652. Calculate s(-33).
984
Let c(l) = l**3 - 47*l**2 + 281*l + 402. What is c(39)?
-807
Let n(g) = -297*g - 8569. Determine n(-20).
-2629
Let t(m) = -m**2 + 594*m + 9767. What is t(-16)?
7
Let w(f) = -f**3 + 211*f**2 + 13049*f + 16. Give w(-50).
66
Let t(s) = 2685*s - 12605. Calculate t(5).
820
Let l(w) = 1456*w + 23237. Determine l(-16).
-59
Let l(o) = -33119*o - 2020297. Determine l(-61).
-38
Let j(c) = -2215*c - 13364. Calculate j(-6).
-74
Let o(k) = k**3 + 892*k**2 + 3*k + 2682. Calculate o(-892).
6
Let s(y) = y**2 - 159*y - 15160. Calculate s(226).
-18
Let c(w) = 4*w**2 + 490*w - 6274. Give c(13).
772
Let h(b) = 9926*b - 169066. Give h(17).
-324
Let q(n) = -52*n**3 - 522*n**2 - 49*n. Calculate q(-10).
290
Let j(v) = -51*v**3 + 84*v**2 - 85*v + 2. What is j(1)?
-50
Let x(p) = -204*p + 421. Give x(6).
-803
Let k(d) = -4*d**2 + 3598*d + 214034. Determine k(-56).
2
Let k(c) = -56717*c + 17241964. Give k(304).
-4
Let g(d) = -d**3 + 22*d**2 + 265*d - 1804. Give g(28).
912
Let n(h) = 7*h**3 - 52*h**2 - 74*h + 893. Calculate n(10).
1953
Let r(h) = 160995*h - 9176716. Give r(57).
-1
Let t(n) = 8480*n - 118666. Determine t(14).
54
Let s(a) = 30728*a + 323. Give s(0).
323
Let q(n) = 300*n**2 + 2384*n - 105. Determine q(-8).
23
Let q(o) = -3*o**3 + 98*o**2 + 204*o - 18. Determine q(-2).
-10
Let n(v) = 14515*v + 39897. What is n(-3)?
-3648
Let z(n) = -n**3 + 214*n**2 + 2015*n - 1788. Give z(223).
-4
Let s(d) = -1278*d + 234944. Determine s(184).
-208
Let f(i) = -14600*i - 57688. Give f(-4).
712
Let b(n) = 3*n**2 - 671*n - 2045. Give b(-3).
-5
Let b(r) = -723402*r + 6510618. Calculate b(9).
0
Let a(j) = 398*j + 154488. Determine a(-388).
64
Let c(k) = 65*k**2 - 247*k + 232. Give c(2).
-2
Let p(l) = -l**3 + 33*l**2 + 179*l - 87. Determine p(38).
-505
Let q(k) = -717*k - 29663. Calculate q(-41).
-266
Let t(s) = -2*s**2 - 1171*s - 36449. Determine t(-33).
16
Let f(p) = -1938*p + 15222. Give f(8).
-282
Let k(v) = -31*v**2 - 24*v - 176. Give k(-6).
-1148
Let t(r) = 7*r**2 + 56*r + 390. What is t(-7)?
341
Let v(u) = -u**3 - 102*u**2 - 1681*u + 1620. What is v(-81)?
0
Let j(l) = 1206*l - 143425. Calculate j(119).
89
Let x(y) = -2141*y - 505274. Give x(-236).
2
Let s(i) = 2*i**2 + 281*i + 7389. Determine s(-35).
4
Let h(u) = 2*u**2 + 270*u - 21997. Calculate h(-183).
-4429
Let z(n) = -5*n**3 - 7*n**2 + 309*n - 42. Calculate z(-9).
255
Let i(b) = -4*b**3 - 41*b**2 - 124*b - 282. Determine i(-7).
-51
Let n(j) = 4846*j**3 + j**2 - 32*j + 32. Calculate n(1).
4847
Let a(y) = -7335*y + 182589. Determine a(25).
-786
Let o(z) = -201*z + 4450. Calculate o(22).
28
Let c(o) = -7*o**3 - 138*o**2 - 13*o - 210. Calculate c(-19).
-1768
Let v(i) = 353*i**3 - 3178*i**2 + 145*i - 1230. Determine v(9).
-6
Let z(q) = -4*q**3 + 347*q**2 - 252*q - 447. What is z(86)?
69
Let p(b) = -4600*b - 9279. Give p(-2).
-79
Let o(s) = 2*s**2 + 926*s + 93865. Give o(-313).
-35
Let r(m) = 2450*m - 4706. Determine r(2).
194
Let g(l) = -l**3 - 478*l**2 - 2324*l + 19460. Calculate g(-473).
67
Let i(j) = j**3 + 518*j**2 - 3119*j - 1081061. Determine i(-520).
19
Let o(g) = g**3 + 20*g**2 - 12596*g - 139707. Determine o(-11).
-62
Let n(d) = d**3 + 252*d**2 + 14109*d - 244. Determine n(-84).
8
Let c(o) = 2*o**3 + 154*o**2 - 152*o + 414. Give c(-78).
102
Let b(k) = -k**3 - 21*k**2 + 103*k + 2588. What is b(-12)?
56
Let q(r) = -173*r**3 + 23*r**2 - 53*r + 3. Give q(2).
-1395
Let c(q) = 28*q - 280. Give c(-40).
-1400
Let f(x) = 2*x**2 + 31*x - 506. What is f(19)?
805
Let g(r) = 3*r**2 - 11584*r + 57886. What is g(5)?
41
Let l(c) = 39453*c + 39463. Give l(-1).
10
Let s(h) = 8874*h + 5581747. Calculate s(-629).
1
Let l(y) = -y**3 - 4*y**2 - 2499*y - 12536. What is l(-5)?
-16
Let s(j) = j**3 - 27*j**2 + 498*j - 8500. Determine s(24).
1724
Let f(d) = 3*d**3 + 234*d**2 + 350*d + 27290. Determine f(-78).
-10
Let r(s) = -s**2 + 9383*s - 688820. Give r(74).
46
Let f(d) = d**3 - 68*d**2 - 1060*d - 414. What is f(81)?
-981
Let a(u) = -2*u**3 + 51*u**2 - 414*u + 11452. Calculate a(26).
12
Let s(l) = l**3 + 9*l**2 + 139*l + 264. Determine s(-2).
14
Let f(b) = -10*b**2 - 7*b + 56. What is f(3)?
-55
Let g(o) = -26*o**3 - 675*o**2 + 18*o + 1278. What is g(-26)?
1486
Let h(m) = -484*m**2 + 53721*m + 203. Determine h(111).
-130
Let z(g) = -5*g**2 + 102*g + 778. Give z(-11).
-949
Let v(i) = -10*i**3 + 13*i**2 - 57*i - 257. Calculate v(-6).
2713
Let m(i) = -68*i + 6488. Calculate m(100).
-312
Let a(r) = -r**3 + 37*r**2 - 221*r + 384. Give a(4).
28
Let u(a) = -623*a**2 + 262906*a - 3. Calculate u(422).
-3
Let d(q) = 13*q**2 - 12487*q - 621934. Calculate d(1008).
2
Let l(v) = -10*v**3 + 1624*v**2 + 980*v - 335. Determine l(163).
-9
Let d(j) = -4*j**2 + 39*j - 346. Determine d(7).
-269
Let u(x) = -9*x**3 - 508*x**2 + 808*x - 243. Calculate u(-58).
-11
Let w(x) = 1862*x**2 + 5390*x - 585. What is w(-3)?
3
Let l(d) = 63*d**2 - 342*d + 111. Calculate l(5).
-24
Let d(z) = -z**3 + 29*z**2 - 9*z + 381. Calculate d(25).
2656
Let f(o) = o**3 + 25*o**2 - 112*o - 2203. What is f(-25)?
597
Let y(s) = 55*s**2 - 488*s - 540. What is y(11)?
747
Let z(w) = -165481*w - 1820283. What is z(-11)?
8
Let n(d) = 120754*d + 2777338. What is n(-23)?
-4
Let j(b) = -b**3 - 5*b**2 + 3*b - 3. Give j(0).
-3
Let c(m) = m**3 + 85*m**2 - 331*m - 28134. Give c(-85).
1
Let d(f) = 5316*f + 1185464. Give d(-223).
-4
Let s(y) = -2*y**2 + 391*y - 11131. Calculate s(35).
104
Let d(f) = f**2 - 266*f + 7501. What is d(234)?
13
Let b(o) = -3179*o + 35169. Determine b(11).
200
Let t(d) = 8953*d + 214868. Give t(-24).
-4
Let o(z) = 666*z - 19084. Give o(29).
230
Let o(s) = 77*s**2 - 43969*s + 45028. Give o(570).
-2
Let j(l) = 11542*l + 92268. Give j(-8).
-68
Let b(n) = -724*n**2 - 742100*n - 6. Determine b(-1025).
-6
Let b(d) = 65*d**3 - 4682*d**2 + 145*d - 60. Determine b(72).
12
Let l(y) = 59*y**2 + 2043*y - 2909. Calculate l(-36).
7
Let t(l) = -l**3 + 40*l**2 + 23*l + 413. Determine t(41).
-325
Let u(y) = -2*y**2 - 663*y - 4708. Determine u(-7).
-165
Let n(b) = -85*b**2 - 15*b + 5. Give n(1).
-95
Let n(c) = -2*c**2 - 1669*c - 33379. What is n(-814)?
-5
Let w(n) = 2*n**3 + 23*n**2 - 196*n + 2. Calculate w(6).
86
Let d(i) = 13*i + 3371. Determine d(117).
4892
Let k(y) = -11*y**2 + 322*y - 64. What is k(29)?
23
Let x(t) = t**2 - 132*t +